
Suppose 76387 + 6608 = 15*d. What is the units digit of d?
3
Suppose 85920 = 1718*m - 1706*m. What is the hundreds digit of m?
1
Suppose 0 = -2*n - y - 10, 3*n - 2 = n + 5*y. Let x be 90*(n - 52/(-10)). Suppose x = -v + 5*v. What is the units digit of v?
7
Let c(i) = -12176*i + 4730. What is the tens digit of c(-3)?
5
Let j be -5*5/(25/1486). Let x = -188 - j. Suppose 7*l - x - 95 = 0. What is the units digit of l?
9
What is the thousands digit of -2 + 35/(140/48492)?
2
Suppose 3*x - 41 + 8 = 4*l, 0 = 5*l + x + 65. What is the hundreds digit of 0 + 2/l + (-507885)/(-630)?
8
Let f be 20/(-12) - 14120/(-30). Let l = -246 + f. What is the units digit of l?
3
Let k(d) = -d**2 - 10*d - 6. Let p be k(-6). Let b be 2/(-4) - (-1467)/p. Suppose 7*j = b + 395. What is the tens digit of j?
6
Suppose 63*f - 4845324 = 38*f - 188*f. What is the thousands digit of f?
2
Let s = 12303 + -7776. What is the tens digit of s?
2
What is the hundreds digit of (0 - -10 - 4) + 4397?
4
Let y(a) = 13*a**3 + 22*a - 7. What is the tens digit of y(9)?
6
Let x(m) = -13*m**3 + 6*m**2 + m - 9. Let t be x(-6). Let c be t/17 + (-2)/(-2). Suppose 4*a + 50 = c. What is the units digit of a?
2
Suppose -6*v + 4*v = -8, 3*g - 195 = 3*v. Suppose -1148 = -g*y + 65*y. What is the hundreds digit of y?
2
Suppose 9 = 28*p - 25*p. Suppose 0 = p*g + 8*g - 132. What is the units digit of (0 - (-45)/g)/((-12)/(-32))?
0
Suppose -22*o - 45*o + 85906 = -159515. What is the hundreds digit of o?
6
Suppose 74*o - 520332 = -57*o. What is the hundreds digit of o?
9
Let d = -354 - -356. Let a(s) = 57*s**2 + s. Let q be a(-1). Suppose q = f - 5*h - d, -3*h = -5*f + 224. What is the units digit of f?
3
Let t(u) = 102*u + 37. Let o(m) = 50*m + 19. Let s(j) = 5*o(j) - 2*t(j). What is the hundreds digit of s(8)?
3
Let b(u) = -2*u**2 + 4*u - 19. Let k be b(-5). Let f be 18/(-12) + (-257)/(-2). Let p = k + f. What is the tens digit of p?
3
Let h(u) = 113 + 36*u - 10 - u**2 + u. What is the hundreds digit of h(23)?
4
Let c(v) = v**2 - 3*v - 12. Let l be c(17). Suppose -77 = -h + l. What is the hundreds digit of h?
3
Let o(g) = -2*g**2 - 9*g + 151. Let c be o(0). Suppose l + 4*x - 44 = 0, -5*l = -3*x - 0*x - c. What is the units digit of l?
2
Let w(j) = 3*j**3 - 3*j**2 - 17*j - 5. Suppose 0 = 18*i - 19*i + 5. What is the units digit of w(i)?
0
Suppose 3151955 - 266806 + 828323 = 168*n. What is the thousands digit of n?
2
Let d(q) = -32*q**2 - 9*q - 1. Let l(p) = -65*p**2 - 17*p - 2. Let c(j) = -9*d(j) + 4*l(j). What is the units digit of c(-1)?
6
Let r = -2022 - -3676. What is the units digit of r?
4
Let m be (10/(-4))/((-232)/48 + 4). Suppose 16*b = 12*b + 12, m*g - 3*b - 708 = 0. What is the tens digit of g?
3
Suppose -24*o + 31*o = 43274. What is the thousands digit of o?
6
Let a(p) = p - 6. Let c be a(0). Let l be c/(-2)*-22*6. Let i = l - -567. What is the units digit of i?
1
Let u(t) = -2*t**2 - 22*t + 255. What is the tens digit of u(-17)?
5
Let d(b) = -3*b**2 - 116*b + 206. What is the units digit of d(-39)?
7
Let t = 4021 + -536. Suppose 3*y - 4*y + 2*n + 697 = 0, -5*y - 3*n = -t. What is the hundreds digit of y?
6
Let i = -4566 + 7108. Suppose 4*g - i = -2*v, 3*g + 0*v - v = 1894. What is the units digit of g?
3
What is the units digit of 39900 + -115 + (-1 - -17)?
1
Let i(p) = p**3 - 9*p**2 - 7*p + 11. Let a be i(11). Let c = 332 - a. What is the units digit of c?
6
Let y(z) = -2*z - 82*z + 133*z**2 + z**3 + 35 - 100*z**2. What is the hundreds digit of y(-35)?
5
Let f be 7/42*-4591 - 3/(-18). Let b = 1480 + f. What is the tens digit of b?
1
Suppose -1329*l + 1331*l - 154 = -5*d, -3*l = -2*d + 54. What is the tens digit of d?
3
Let w be 12 - 8 - -3 - -45. Suppose 31*j - w*j = -20265. What is the units digit of j?
5
What is the ten thousands digit of (476/(-102))/(((-32)/(-120))/((-20058)/15))?
2
Let t(p) = 313*p**2 + 4*p + 27. Let v be t(-5). Suppose -116*m = -105*m - v. What is the tens digit of m?
1
Suppose 9*q - 10 = 7*q. Suppose q*f - 23 = -h, f + 0*f + 2 = 2*h. Suppose 588 = f*b - 236. What is the tens digit of b?
0
Suppose 23 - 11 = m. Let z be (54/m)/3*(-55 + 1). What is the units digit of ((-38)/(-6) - 0)/((-3)/z)?
1
Suppose -7*j - 23810 = -2*w - 6*j, 4*w - 47644 = -4*j. What is the thousands digit of w?
1
Suppose 5*o - 16848 = t, -2*o - 30*t + 6750 = -25*t. What is the tens digit of ((-5)/(25/2))/((-2)/o)?
7
Let b be ((-16)/(-24))/(3 + (-323)/108). Suppose 0 = 4*y - y - b. Let r = 27 - y. What is the units digit of r?
3
Let m(z) = -2*z**3 - 20*z**2 - 37*z - 29. What is the thousands digit of m(-23)?
4
Let q be ((-108)/6)/(3/(-76)). Suppose 52*a - 1836 = 48*a - 4*u, -a - 4*u + q = 0. What is the tens digit of a?
6
Let k be (0 + 1)*20/10. Suppose 0*s = k*c - 3*s - 779, -4*c + s = -1553. Let q = c - 269. What is the hundreds digit of q?
1
Let j(h) = -562*h - 387. What is the tens digit of j(-15)?
4
Suppose -3015 - 5055 = -283*n + 278*n. What is the thousands digit of n?
1
Let q = -27 - -29. Let h(c) = -5*c + 12. Let u be h(q). Suppose 4*w = u*w + 2*z + 96, 0 = 5*w - 3*z - 240. What is the tens digit of w?
4
Let f be ((-3912)/20)/(16/(-120)). Suppose 24*h - f = 15*h. What is the units digit of h?
3
Let q(m) = -2*m**3 - 11*m**2 - 5*m + 4. Let k be q(-5). Suppose 0 = -k*v + 2*n - 5*n + 5628, 4*v + 4*n - 5628 = 0. What is the units digit of v?
7
Let y(k) = k**3 - 3*k**2 - 7*k + 17. Let f be y(4). Suppose 2*l - 4 = 0, 0 + 1 = -m - f*l. Let p = m + 103. What is the units digit of p?
2
Let r = -17212 + 25951. What is the hundreds digit of r?
7
Let u be (-3)/(-15) + 4/5 - 7. Let o(v) = -v**3 + 6*v**2 + 2*v - 3. Let b be o(6). What is the hundreds digit of 1035/b + -2*(-3)/u?
1
What is the thousands digit of (37 + -53 + (-201570)/(-9))*3/2?
3
Suppose 1088 = 2*t - 410. Suppose 29*i - t = 22*i. What is the tens digit of i?
0
Suppose -22*u + 6 = -20*u, 0 = -3*x - 3*u + 14013. What is the hundreds digit of x?
6
Let j(v) = 39*v**2 + 9*v - 6. Let l be (-1 + -11)*(-27)/108. What is the tens digit of j(l)?
7
Let a be (2/7)/((-23)/(-161)). Let j(r) = -21 + 89*r**2 - 87*r**a - 30*r + 5*r. What is the tens digit of j(17)?
3
Let d(c) = 131*c**2 + 17*c - 81. What is the ten thousands digit of d(21)?
5
Suppose 0 = -m - 4, 5*n + 19*m - 18*m - 3101 = 0. Suppose 2*s + n - 1805 = 0. What is the hundreds digit of s?
5
Suppose -p - 21082 + 5557 = -3*u, -5*u - 3*p + 25875 = 0. What is the tens digit of u?
7
Suppose 3*p = 5*a - 4694, -3*p = -3*a + 3116 - 296. What is the tens digit of a?
3
Let i(z) = -30*z**3 + z**2 - 9*z + 16. Let r be i(4). Let m = -585 - r. What is the hundreds digit of m?
3
Suppose g = z + 1176, 3*z + 2*z - 2*g + 5886 = 0. Let s = z + 1750. What is the tens digit of s?
7
Let l = -27 + 199. Let n = 208 + l. What is the hundreds digit of n?
3
Let x be 2/7 + (-38)/133. Suppose -2*a + 3960 = 5*h + 3*a, -5*h - a + 3952 = x. What is the units digit of h?
0
What is the hundreds digit of (-1)/(-7) - (-4186182)/1274?
2
Let a(c) = c**3 - 116*c**2 - 224*c - 1393. Let f be a(118). Let o(x) = 16*x + 22*x**2 - 6*x - x**3 + 32 + 24*x. What is the units digit of o(f)?
5
Let v be ((-5028)/21 + 2)*(-112)/(-16). Let u = -1179 - v. What is the units digit of u?
3
Let s(c) = 7*c**2 - 27*c - 7. Let n = 55 + -50. Let v(p) = 3*p**2 - 13*p - 4. Let k(m) = n*v(m) - 2*s(m). What is the tens digit of k(16)?
7
Let t be 2/3 - (-7148)/6. Let m(s) = 75*s + 909. Let x be m(-12). Suppose x*z - t = 86. What is the hundreds digit of z?
1
Let w(a) = 21*a - 32. Let g be w(5). Let t = -75 + g. What is the hundreds digit of 258/2 - t - -4?
1
Suppose 0 = 3*t - 4*j + 5*j - 34854, 3*j = -4*t + 46482. What is the units digit of t?
6
Suppose 4*t = 28, -168993 = -3*s - t - 27794. What is the tens digit of s?
6
Let p(n) = -6874*n**3 + 3*n**2 - 6*n - 9. What is the thousands digit of p(-1)?
6
Let b(g) = 4*g**2 + 31*g - 607. What is the tens digit of b(-41)?
4
Let g = -20523 + 25259. What is the hundreds digit of g?
7
Let k(u) = -u**3 + 107*u**2 - 37*u + 130. What is the tens digit of k(106)?
4
Let l be 1/((-5)/(-300)) - 4. Suppose 26 = 3*x - 5*g + 3*g, 4*g = -3*x + l. Suppose -z - 5*a = x, a + 53 = 4*z + 17. What is the units digit of z?
8
Suppose -2*v + 2 = 2*q, 19 = v + q - 6*q. What is the units digit of 68/85*3090/v?
8
Let r = -14 + 10. Let 